hat are the prime factors of w(6)?
2, 3, 61
Let h = 11 + -18. Let x(k) be the second derivative of -k**5/20 - k**4/2 + k**3/2 + k**2/2 - 515*k. List the prime factors of x(h).
29
Let n(j) = -j + 44. Let l be 0*(-1 - 0)/2. Let b be n(l). Let a = 53 - b. List the prime factors of a.
3
Let k(j) = 819*j**3 + 5*j**2 - 4*j - 1. Let g be k(1). Suppose g = 4*h - 5*c + 64, 0 = -5*h + 2*c + 948. List the prime factors of h.
2, 5, 19
Let v(j) = -2 - j - 1 + j**3 + j**2 - j - 2*j**3. Let c be v(0). List the prime factors of 128 + (-4 - (-4 + c)).
131
Let l(i) = 1814*i + 19478. What are the prime factors of l(36)?
2, 42391
Let w(d) = -181*d - 1. Let h(c) = c**2 - 8*c + 6. Let n be h(7). Let x be w(n). Suppose 0 = 7*b - b - x. List the prime factors of b.
2, 3, 5
Suppose 17*a - 12*a = -2*u - 329, u - 128 = 2*a. List the prime factors of (-6)/10 - 7969/a.
2, 61
Let a(h) = 4*h**2 - 34*h + 19. Let c be a(8). Suppose -4*s + 576 = -c*s. What are the prime factors of s?
2, 3
Suppose 11296722 = 345*s - 11809308. What are the prime factors of s?
2, 33487
Suppose -11*o + 9*o + 97758 = x, -2*x - 244395 = -5*o. List the prime factors of o.
3, 5431
List the prime factors of (3938499/(-516))/(2/(-8)).
3, 10177
Let l(v) = 3*v**3 - 4*v**2 + 2*v - 4. Let p be l(2). What are the prime factors of (4/3 - p/(-12))*126?
2, 3, 7
Let y(c) = c**2 + 11*c + 28. Let b be y(-8). Suppose 0 = 4*n - b + 60. Let s(g) = -g**3 - 13*g**2 + 11*g + 20. What are the prime factors of s(n)?
2, 31
Suppose 5*s - 21 = 2*s. Suppose 198 = 4*v - 2*n, -5*v = 4*n + n - 225. Suppose 11*r - v = s*r. List the prime factors of r.
2, 3
Suppose 6*x = x + 165. Suppose 0 = 2*l - 13*l + 1430. Suppose -38*k + l = -x*k. List the prime factors of k.
2, 13
Let u = -1713 - -2642. Let c = u - 264. What are the prime factors of c?
5, 7, 19
What are the prime factors of 6/10 + 1054304/160?
2, 5, 659
Let f(z) = -7*z**2 + z + 1. Let x be f(-2). Suppose 4*l + l - 250 = 0. Let r = x + l. What are the prime factors of r?
3, 7
Let v(i) = 2*i**2 - 5*i - 52. Suppose 42*m - 380 = 22*m. What are the prime factors of v(m)?
5, 23
Let i(d) = -153*d + 111. Let k(v) = -51*v + 37. Let f(m) = -m + 7. Let n be f(5). Let y(z) = n*i(z) - 7*k(z). What are the prime factors of y(4)?
167
Suppose 5*l + 2972 = -5018. List the prime factors of (l/(-2) + 3 + -4)/2.
3, 7, 19
Let t be 20/(-6)*78/(-65). Let a be t/14 - (263675/35)/(-5). Suppose 15*u - a = 4*u. What are the prime factors of u?
137
Let c = -11923 - -67286. List the prime factors of c.
7, 11, 719
Let u(x) be the first derivative of x**3/3 - 11*x**2/2 + 12*x + 16. Let l be u(10). Suppose -i + 20 + l = 0. List the prime factors of i.
2, 11
Suppose 4 = -d, 5*i + 26 = -3*d - 11. Let x be 48/60 - 1/i. What are the prime factors of 6 + -11 - -4 - x*-10?
3
Let m = -89 + 87. What are the prime factors of 3/m - 28/24*-93?
107
Let d(c) = -14*c**2 - 2335*c + 18. What are the prime factors of d(-13)?
7, 4001
Suppose -19*o = -11*o - 11056. What are the prime factors of ((-45)/10 - -4) + o/4?
3, 5, 23
Let a(y) = -y**3 - 24*y**2 - 22*y + 3. Let r be a(-23). Let t be (4/(-10))/(((-56)/r)/(-7)). Let z(j) = j**3 + 2*j**2 - j. What are the prime factors of z(t)?
2
Let o(d) = -d**2 - 710*d - 62. What are the prime factors of o(-40)?
2, 29, 461
Let j = 44722 - 21174. List the prime factors of j.
2, 7, 29
Suppose -362*j = -343*j - 230101 - 22200. What are the prime factors of j?
7, 271
Suppose -18*z - 1 = -73. Suppose 302 = z*p - 430. What are the prime factors of p?
3, 61
Suppose -4*t + 0*w = 3*w - 68, 0 = -w. Suppose -p = 20*z - t*z - 4419, -5*z = p - 7367. List the prime factors of z.
2, 11, 67
Suppose -5*m + 164 + 272 = -3*f, 5*m + 3*f - 454 = 0. Suppose -23*l + 233 = -2458. Let s = l - m. What are the prime factors of s?
2, 7
Let g be -1 + 9/(18/8) + -2. What are the prime factors of -1985*((-35)/25 + g)?
2, 397
Let z(g) = 30*g + 33*g + 8 - 64*g. Let b be z(4). Suppose 3*i + 69 + 44 = 2*p, -3*i = -b*p + 211. List the prime factors of p.
7
Let g be ((-7)/7)/((-1)/15)*1. Suppose 14*f + 314 = g*f. List the prime factors of f.
2, 157
Suppose 10*r + 225596 = -9*r + 787597. List the prime factors of r.
11, 2689
Suppose -2*t = -4*w - 20576, 5*w + 30861 = -3*t + 6*t. What are the prime factors of t?
2, 53, 97
Let a(w) = -1062*w + 12. Let l be a(-2). Suppose -l = -3*z - 2*s - 63, 4*z - 2*s = 2750. What are the prime factors of z?
13, 53
Let h(k) = 59*k**2 - 28*k - 3. Let g(s) = -60*s**2 + 19*s + 2. Let l(j) = -3*g(j) - 2*h(j). Let z = -1 - 0. List the prime factors of l(z).
3, 7
Let w(y) = 327*y. Suppose -5*a + 3*m = -10, -5*a - 10 = -2*a - 5*m. Let r(p) = 1472*p. Let b(q) = a*r(q) - 23*w(q). What are the prime factors of b(-1)?
7, 23
Let c(g) = 6*g**2 - 179*g - 2. Let y be c(30). Suppose -y*a + 41441 = a. List the prime factors of a.
1429
Suppose k + 2*r = 73, 2*k = -2*k - 5*r + 277. Suppose 59*j - k*j = -392. Suppose d = l - j, 3*l + 5*d + 21 - 339 = 0. List the prime factors of l.
101
List the prime factors of (1952 - (24 + -16))*34/8.
2, 3, 17
Let r = 39276 - 25326. List the prime factors of r.
2, 3, 5, 31
Let l be ((-2)/(-4) + 0)*6. Suppose 0 = -2*t + 2*s + 590, 8*t - l*s - 586 = 6*t. List the prime factors of t.
13, 23
Let s(q) = 16*q - 18 - 13 - 13*q + 13. Let d be s(7). Suppose 97 = -d*y + 532. List the prime factors of y.
5, 29
Suppose 25*v + 27*v + 6012 = 54*v. List the prime factors of v.
2, 3, 167
Let q(r) = 26*r**3 + 3*r**2 + 10. Let y be q(4). Suppose -46*h - y = -49*h. List the prime factors of h.
2, 7, 41
Suppose -13*h + 15*h = 3*x + 14545, 0 = -4*h + x + 29115. Suppose -38*y - h = -64*y. List the prime factors of y.
2, 5, 7
Let g be 7 - (5 + -4 + 3). Suppose t - 5*a = 11, -19 = 3*t - g*a - 4. Let b = t + 44. What are the prime factors of b?
5, 7
Suppose 0 = -l - 5*i - 3, 40*l - 43*l + 2*i = -8. Suppose -4*b - 15 = 3*x, 7 = -b - 2*b + 2*x. List the prime factors of 2 + (0 - (b + l)).
3
What are the prime factors of (-14 - 28896/8)*(-1)/2?
7, 37
Let m = 4811 + -2787. What are the prime factors of m?
2, 11, 23
Suppose 8*n - 146 = 46. Suppose 0 = 5*c + 4*y + 70, -2*y + 20 = -4*c + 2*y. What are the prime factors of n/30 + (-12)/c?
2
Let z be 8/((-168)/(-9)) - (-2679)/21. Suppose -x = -z - 55. What are the prime factors of x?
3, 61
Let z = 338 - 198. Suppose -5*l + z + 1170 = 0. List the prime factors of l.
2, 131
Let r(w) = w**3 - 10*w**2 + 10*w - 1. Let s be r(1). Suppose 2*j + 4*n - 2458 = s, -4*j - 3*n + 5378 = 457. List the prime factors of j.
1231
Suppose 2*c - 5*c + 4 = h, -5*c = -3*h + 12. Suppose -19 - 37 = h*k. Let i = 127 - k. List the prime factors of i.
3, 47
Let z = 363 - 179. Let c = -10 + z. Suppose 0 = -m - 2*m + c. What are the prime factors of m?
2, 29
Suppose l + 21*b - 23*b - 2768 = 0, -4*b = -3*l + 8292. List the prime factors of l.
2, 13, 53
Let k = 446 + 2171. Suppose -10*w - k = -5*a - 9*w, -3*w = 5*a - 2629. What are the prime factors of a?
2, 131
Let f(k) = 552*k - 10. Suppose 0 = -2*h + 5*h + 2*y - 7, 4*h = -2*y + 8. List the prime factors of f(h).
2, 271
Suppose 0 = 2*a - i - 8171, 10678 = 2*a - 3*i + 2497. What are the prime factors of a?
3, 1361
Let b(z) = 39*z**2 + 2*z + 5. Let w(v) = 19*v**2 + v + 2. Let y(n) = 4*b(n) - 7*w(n). What are the prime factors of y(-3)?
2, 3, 5, 7
Let a(n) = 2130*n**2 - 151*n + 745. What are the prime factors of a(5)?
2, 5, 11
Suppose -n = i - 7276, 4*n - 12*i - 29136 = -8*i. What are the prime factors of n?
2, 5, 7, 13
Suppose 7 = -2*s + 1, 0 = 4*w + 4*s + 312. Let k = 329 + -176. Let t = k + w. What are the prime factors of t?
2, 3, 13
Let n = -544 + 526. What are the prime factors of (n/(-2))/(3/634)?
2, 3, 317
Let f = 10346 - 2389. What are the prime factors of f?
73, 109
List the prime factors of 4 - (-11)/((-165)/(-124155)).
7, 13
Suppose 0 = -d + 2*n + 20439, 5*d + 4*n - 32114 - 70123 = 0. List the prime factors of d.
3, 5, 29, 47
Suppose 0 = 66*i - 64*i + 2*w - 440, 4*i + 5*w - 873 = 0. List the prime factors of i.
227
Let h be (-9)/(-15) + (-2)/(-5). Suppose 39 = -6*q + 33. List the prime factors of (h - q - -29)*1.
31
Let c = -5685 + 12382. What are the prime factors of c?
37, 181
Suppose -2769 = -9*n + 7770. Suppose 15*i = 16*i - n. What are the prime factors of i?
1171
Suppose 0 = 1766*x - 1717*x - 1699957. List the prime f